 p + 1. Let f be m(6). Suppose 0 = 3*t - f*t + 3*g - 4, 4 = -4*t + 5*g. Let h be (0 - 1)/(8/40)*t. Calculate x(h).
-14
Let k(s) = 5*s + 74. Let m = -33368 + 33359. Determine k(m).
29
Suppose 41 = 29*y + 273. Let f(z) = z - 1. Let q(n) = -6*n + 2. Suppose -2*s + 0 = 10. Let m(k) = s*f(k) - q(k). Determine m(y).
-5
Let z(l) = 4*l**2 + 3*l - 2. Let o = -128 - -132. Suppose -2 = 3*y + 4*m + 4, -o*y - 4 = 4*m. Determine z(y).
20
Let x(u) be the first derivative of -u**4/4 + 16*u**3/3 - 19*u**2 - 17*u + 11631. Give x(13).
-4
Let c(u) = 81*u + 33. Let m(p) = 16*p + 7. Let g(t) = -2*c(t) + 11*m(t). Give g(-3).
-31
Let s(z) be the third derivative of 1/12*z**5 - 97*z**2 - 1/6*z**3 + 1/6*z**4 + 0 + 1/120*z**6 + 0*z. What is s(-3)?
5
Let z = 15 - 13. Let o(i) = -3*i**2 + i - i**3 + 3*i + 2*i**z + 4*i**2. Let b = -176 + 180. Calculate o(b).
0
Suppose 9*j + 19 = -v + 5*j, 2*v - 7 = j. Let i be (18/(-36))/(v/(-6)). Let o(r) = 5*r - 1. Let n(a) = -16*a + 4. Let m(f) = 3*n(f) + 10*o(f). Give m(i).
8
Let z(c) = 11*c**2 + 5*c + 14. Let k(h) = -3*h**2 - 1. Let f(n) = 4*k(n) + z(n). Determine f(6).
4
Let l(x) = 17*x - 6. Let q(r) = 96*r - 33. Let p(k) = -5*l(k) + q(k). Calculate p(-1).
-14
Let y(n) = -43*n - 18. Let b(o) = -39*o - 17. Let z(a) = 7*b(a) - 6*y(a). Let v(d) = -2*d. Let t(k) = -3*v(k) + z(k). Determine t(-2).
7
Let c(j) = j - 2. Let p(r) = -r + 2. Let o = -181 - -175. Let q(g) = o*c(g) - 5*p(g). Suppose 0 = 4*l - 3*l. What is q(l)?
2
Let c(t) = -t**2 + 6*t + 3. Suppose 5*n = -2*d + 3*n + 52, 0 = -5*n - 20. Suppose -7*y + 13*y - d = 0. What is c(y)?
8
Let d(f) = -4*f + 946. Let x(y) = -2*y + 526. Let a(p) = -11*d(p) + 20*x(p). What is a(-19)?
38
Let m = -3705 + 3698. Let q(b) = -b**3 - 10*b**2 - 23*b - 6. Determine q(m).
8
Let h(c) = -1 + 2*c**2 + 1 - 34 - 37*c. Let u be h(21). Let w = -69 + u. Let y(l) = 2*l - 3. What is y(w)?
1
Let r(p) = -p**3 + 11*p**2 - 9*p - 9. Let t = 294 + -284. Let q be r(t). Let i(h) be the first derivative of -2*h**2 + h + 1. Calculate i(q).
-3
Let a be (-14)/1*(18/4)/(-3). Let v = 28 - a. Let y(k) = v*k**2 - 5*k**2 + 4*k + 4 - 3*k - 2. Determine y(-3).
17
Let q(s) = -2*s**2 + 2*s - 20. Let f be q(4). Let x = 62 + f. Let o(d) = -2*d + x + d**2 + 26 - 2*d**2 - 45. Determine o(-4).
-9
Let z be ((-45)/(-9) - 44/9)*(-9)/(-12). Let d(q) be the second derivative of -7*q - q**2 - q**3 - z*q**4 + 0. Determine d(-5).
3
Suppose 3*n + 7 = -5. Let w(s) = 10*s**2 + 9*s - 8. Let d(g) = -3*g**2 - 2*g + 1. Let x(k) = 3*d(k) + w(k). Give x(n).
-1
Let g(u) = 21*u + 67. Let m(k) = 9*k + 34. Let j(t) = 6*g(t) - 13*m(t). Determine j(5).
5
Let m(x) = -12*x + 7. Suppose -2*l + 5*r = -13, 19*l + 9 = 16*l - 2*r. Calculate m(l).
19
Let r(x) = x - 2. Let j = 8786 - 8793. Determine r(j).
-9
Let i(k) = -k**3 - 10*k**2 + 13*k + 5. Suppose 81*j + 65 = 74*j + 2*t, j - t = -10. Give i(j).
-193
Let w be -4*(539/28)/(-11). Let j(x) = 148*x**2 - 3 + 0*x + 0*x + x**3 + 153*x**2 - 309*x**2. Give j(w).
-52
Let f(j) = -5*j**3 - 2*j**2 - 2*j - 1. Let r be (8 - 0/(-3)) + -3. Suppose -8*k + 96 = -r*k. Let u = k + -33. What is f(u)?
4
Let t be ((-42)/(-24) - 2)/(4/(-32)). Let u(a) = 162*a**2 - 61*a**t - 81*a**2. Determine u(1).
20
Suppose -2*a + 130 = y + y, 0 = -5*a + 10. Suppose 5*l - 2*z + y = 214, -5*z = -10. Let h(n) = 8 - 9*n + 8 - n**2 - l + 7. Calculate h(-7).
6
Let v(w) = 3*w - 96. Let j be v(32). Let u(h) = 2*h**3 + 7*h**2 + h + 23. Let d(r) = -r**3 - 2*r**2 + 2. Let l(p) = -3*d(p) - u(p). Give l(j).
-29
Suppose -220*t + 229*t + 16 = -29. Let j(u) = u**2 + 2*u - 21. Calculate j(t).
-6
Let g(t) = 5*t + 73. Let k be g(-14). Let c(z) = 0*z**k + z - 4*z**2 - z**3 + 24 - 10*z**2 - 27. What is c(-14)?
-17
Let r(d) = -8*d**2 - d. Let h(v) = -53*v - 41. Let o be h(-1). Suppose -12 - 12 = -o*u. Give r(u).
-34
Let y(t) = -3*t + 7. Let g = -134 + 288. Suppose -6 = -8*f + g. Let n be f/(-6)*15/(-10). Determine y(n).
-8
Let v(p) = p - 1 + 1 + 6. Let q be v(0). Let n(z) = 6 + 31*z - 10 + 25*z + 28*z - 81*z. Calculate n(q).
14
Let j(u) = u**2 - 8*u + 5. Let y be 3 + (-1990)/45 - 2/(-9). Let k(d) = 49*d**3 + d - 1. Let i be k(1). Let x = i + y. Give j(x).
5
Let r(i) = 6*i - 1. Suppose -113*x - 959 = -281. Determine r(x).
-37
Let i be -3*((-4270)/21 - 4). Let v = 629 - i. Let j(d) = -d**3 + 7*d**2 - 2*d + 5. Determine j(v).
-9
Let q(t) be the second derivative of t**4/8 + 5*t**3/6 + 29*t**2 + 31*t. Let d(n) be the first derivative of q(n). What is d(-5)?
-10
Let q(s) be the third derivative of s**5/60 + 7*s**4/24 + 5*s**3/6 - s**2 + 216. Determine q(-12).
65
Let p(u) = -u**3 + 5*u**2 + 6*u - 6. Suppose 0 = 140*m - 582 - 258. Determine p(m).
-6
Let t(s) = 6*s**3 + 9*s - 7. Let h(d) = d**3 + 2*d - 1. Let u(f) = 5*h(f) - t(f). Let b be ((-2)/3)/(2/(-12)). Suppose -k = b*l, -k + l = -5*k. Calculate u(k).
2
Let w = 126 - 124. Let k(o) = 1 - o**w - 19*o - 14*o + 52*o - 21*o. Give k(-3).
-2
Suppose 0 = 4*z - 5 - 7. Suppose -z*d + 4 = d. Let l(b) = 2*b - 51 + 31 + 21. Give l(d).
3
Let n(q) = q**3 - 2*q**2 - 4*q + 3. Suppose -4*b - 3 = -19. Let i = -2 + b. Let s be 19/6 - i/12. Determine n(s).
0
Let m(y) = -47 - y + 38 - 6*y - y**2 - y. Let x(b) = -b - 7. Let a be (3 + 3 + -6)/(-1). Let k be x(a). What is m(k)?
-2
Let s be (-4)/(-7)*(-114)/456*7/(-2). Let z(q) be the second derivative of 3*q**2 + 1/20*q**5 - 14*q + 0 - s*q**4 - 1/6*q**3. What is z(6)?
0
Let z(m) = -m**2 - 3*m + 127. Let c be z(-13). Let j(d) = -13*d - 63. What is j(c)?
-24
Let j(v) = 4*v - 18. Suppose -5*d + 25 = -5*u - 0*u, -2*u - 20 = -4*d. Let m be j(d). Let x(h) = 4*h. What is x(m)?
8
Let o = 172 + -162. Let b(n) = 3 + 6*n**2 + 2*n**3 - 3*n**3 + 9 - 1 - o*n + 4*n**2. Give b(9).
2
Let k(i) = -i**2 + 15*i - 10. Let s = -11215 + 11229. Calculate k(s).
4
Let s be (-6)/(-8) - (-129)/(-172). Let c(i) = -i**2 - 7. Calculate c(s).
-7
Let l(j) be the third derivative of j**6/120 + j**5/12 + j**4/3 + j**3/6 - 60*j**2 + 8*j - 2. Determine l(-3).
-5
Let r = -4834 + 4839. Let q(y) = -4*y**2 - y + 1. Give q(r).
-104
Let j(z) be the third derivative of -1/6*z**3 - 1/24*z**4 + 1/15*z**6 - 4*z**2 + 1/60*z**5 + 0 - 3*z. Give j(-1).
-7
Let b(q) be the second derivative of -q**5/20 - q**4 + 7*q**3/3 + 8*q**2 - 99*q. Determine b(-13).
3
Let h(v) = v**3 + 5*v**2 + 2*v - 5. Let q be h(-4). Let w = -57 + 59. Let d(x) = x**2 - 43 - x + 5*x**w - 4*x**2 + 44. Calculate d(q).
16
Let b(v) = 29*v + 7. Let j(m) = 72*m - 144. Let l be j(2). Determine b(l).
7
Let j be 582/4171*430/15. Let i(x) = -x**2 - 4*x. Let b be i(-3). Let u(t) = -4*t**2 - 3 + 3*t**b + 7*t**2 + 4*t - 4*t**3. Give u(j).
-3
Let y(o) = o + 8*o**3 + 3*o + 10*o**3 + 4*o**2 - 19*o**3. Suppose 4*u - 123 = -103. Calculate y(u).
-5
Let m(q) = -5*q - 4 - 5 + 5. Let p be (-3 - 0)*75/(-45). Suppose -7*k = -p*k + 5*n - 31, 5*k + 3*n = 30. Determine m(k).
-19
Let p(g) = 8*g + 17. Let z(v) = 9*v + 2. Let f(k) = 4*p(k) - 3*z(k). Give f(-12).
2
Let d(a) = -2*a**2 - 31*a + 20. Let h = -2114 + 2098. Determine d(h).
4
Let v(n) = -23*n**2 + 10*n - 198. Let o(w) = -41*w**2 + 18*w - 356. Let x(s) = -14*o(s) + 25*v(s). Calculate x(4).
10
Let m = 3474 - 3482. Let l(v) = -4*v - 29. Give l(m).
3
Let h(t) be the second derivative of t**3 + 15*t**2 + 86*t. Determine h(-9).
-24
Let o(j) = -j**3 + 16*j**2 - 29*j + 11. Let l = 1551 - 1537. Determine o(l).
-3
Let w(x) = x**2 - 7*x + 5. Let b(z) = 12*z**2 - 4*z - 9. Let j be b(-3). Let f = 13 + -12. Let r be 1 + j/18 + f/(-6). Determine w(r).
5
Let j(n) = n. Let u be (8/(-16))/(2/(-144)). Let m be 75/(-27) - (-1)/(u/(-8)). Let b(x) = 4*x + 3. Let a(z) = m*j(z) + b(z). Determine a(-4).
-1
Let t(u) = -57*u**3 - 47*u**2 - 45*u - 36. Let h(v) = -23*v**3 - 23*v**2 - 22*v - 19. Let j(s) = 5*h(s) - 2*t(s). Calculate j(-20).
-23
Let l(f) = -f**3 - f**2 + f - 121. Let u be 0/(20*32/80). What is l(u)?
-121
Let t(w) = -2*w**2 - 2*w + 2. Let p be t(-2). Let u(n) = 60*n. Let f(l) = -123*l - 2. Let g(z) = f(z) + 2*u(z). What is g(p)?
4
Let h(o) = -o**3 - 8*o**2 + 6*o - 13. Suppose -144 = -7*g + g. Suppose -g + 70 = -4*n + 2*d, 0 = 2*n + d + 13. Give h(n).
14
Let n(c) = 7 - 10 - 2*c + 0*c - 4*c**2 - 3 + 2 - c**3. Calculate n(-4).
4
Let x(r) = -2*r**3 - 2*r**2 - 3*r - 4. Let j = -6437 - -6435. Give x(j).
10
Let g(i) = -i + 5. Let d = -59 - -65. Suppose 3*j = -4*w + 6